h + 220. Suppose 0*r - 4*r = -460. Let w = s + r. Is w prime?
False
Let l(z) = z**3 - 15*z**2 + 13*z + 16. Is l(15) prime?
True
Let p(x) = x**3 + 6*x**2 + x + 3. Let c be p(-6). Let g = 2 - c. Suppose 18 = 4*b - g*d, 0*d = -b - d. Is b composite?
False
Suppose 5*t - 2 - 3 = 0. Suppose 0 = -4*h + 19 + t, -2*a + 5*h = 17. Suppose 35 = a*r - 9. Is r a prime number?
True
Let o(n) = 77*n**2 + n + 1. Let q be (6/(-4))/(2/(-4)). Suppose q*p + 2 = p. Is o(p) composite?
True
Let a(u) = 81*u - 3. Let j(x) = -162*x + 7. Let p(o) = 5*a(o) + 2*j(o). Is p(2) a prime number?
False
Let b be (-88)/(-1*3/9). Is (b - 1)/(4 + -3) prime?
True
Let u(j) = -2*j - 1. Let w be u(-2). Is w + -1 + (76 - 1) a composite number?
True
Suppose -7*x + 10*x - 9 = 0. Let b(s) = 351*s + 2. Is b(x) a composite number?
True
Let i(z) = 24*z**2 + 2*z + 1. Is i(6) composite?
False
Suppose -482 + 9 = -f. Is f composite?
True
Let m be (-16 - 0) + (3 - 5). Let f = 19 - m. Is f a composite number?
False
Suppose 2*l - 37 = -f, -2*l + 118 = 3*f + f. Suppose 5*c - 4*t = f, c + t = -0*c. Suppose -49 = -2*a - 5*d, 4*a + d = -c*d + 128. Is a a composite number?
False
Let v(n) = 95*n - 4. Let q be v(4). Suppose 0*f = 4*f - q. Suppose 3*j = 5*j - f. Is j a composite number?
False
Suppose 0 = l + 5*d - 940, 0*l - 3*l - 3*d = -2880. Suppose 5*y - 1575 = -5*s, -3*y - 2*s = -4*s - l. Is y composite?
True
Let r be (-42)/3*3 + 0. Let g = r + 109. Is g prime?
True
Suppose -y = 4*y - 3415. Suppose 4*b - y = 3513. Is b prime?
True
Suppose 3*h - 44 = 106. Suppose h = -0*v + 2*v. Is v a prime number?
False
Suppose 0 = 2*g - 4*t - 6, -g = t + 2 - 5. Suppose g*w - 41 = 220. Is w composite?
True
Let k = 8 - 6. Suppose 471 = k*j + 145. Is j a composite number?
False
Is (-3 - (-2495)/(-5))/(-2) a prime number?
True
Let f(v) = -v**3 - 2*v**2 + 5*v + 3. Let q be f(-3). Let h(u) = -u**3 + 5*u**2 - 3*u - 3. Let k be h(4). Is (k/q)/((-6)/126) composite?
False
Let v(s) = s**3 + 10*s**2 + 9*s + 3. Let c be v(-9). Suppose -5*o - 81 - 175 = -3*m, c*m = -2*o + 221. Is m composite?
True
Let t = 171 + -65. Is t prime?
False
Suppose -1336 - 5394 = -10*h. Is h a prime number?
True
Let x(z) = -z**3 + 3*z**2 + 3. Suppose 0*a + 3 = a. Is x(a) prime?
True
Let o = 17 - 10. Suppose 31 = 2*k - o. Is k a prime number?
True
Suppose 4*m = -2*n + 478, 2*m = 2*n + 245 - 747. Let d = n - 84. Is d a composite number?
False
Let h(z) = -8*z - 5. Is h(-18) composite?
False
Let i(r) = -r - 35*r**2 + 26*r**2 + 17*r**2. Is i(3) a prime number?
False
Let d = 1140 - 763. Is d prime?
False
Let n(x) = x**3 + x + 1. Let l(v) = 9*v**3 + 3*v + 5. Let f(h) = -l(h) + 4*n(h). Is f(-2) a composite number?
False
Let a = 4 - 2. Let y be a/2 - (-18 - 1). Is (-174)/(-5) - (-4)/y composite?
True
Is 964 - ((-12)/(-4))/(-3) composite?
True
Suppose 15 = 5*u, -2*u = a + 2*a + 96. Let p be (33/6)/((-1)/a). Let z = -120 + p. Is z a composite number?
False
Suppose 4*h = -8, -3*k - 4*h - 2093 = -6*h. Let d = -302 - k. Is d composite?
False
Suppose 0 = -0*y + 3*y - 12. Suppose -881 = -y*w - 69. Is w composite?
True
Suppose -3*d + 3134 = -3943. Is d prime?
False
Suppose -5*l - 20 = -l. Let j(h) = -h**2 - 5*h + 7. Is j(l) composite?
False
Suppose 0 = 4*w - 3*q - q - 992, 0 = -3*w - 2*q + 769. Is w prime?
False
Is 1 + 0 - 1*-50 a prime number?
False
Let z = 2714 - 285. Is z prime?
False
Is 2*(-3)/(12/(-226)) a prime number?
True
Let z be (-1)/7 + 54/(-14). Let c be z/(-10) + (-3909)/(-15). Suppose -4*n = -n - c. Is n prime?
False
Suppose 108 = -3*n - 5*l + 2*l, 3*n - l = -124. Is (n/12)/(1/(-3)) prime?
False
Suppose 3*r = 3*o - o - 5563, -r = -5*o + 13888. Is o prime?
True
Let u(o) = -25*o + 10. Let k(z) = 1. Let s(b) = -4*k(b) + u(b). Is s(-4) composite?
True
Suppose a - 341 = -3*a + 3*t, 0 = -4*t - 12. Let r = 36 - 94. Let q = a + r. Is q a composite number?
True
Let q(i) = -i**3 + 6*i**2 - 4*i - 6. Let o be q(5). Let n(a) = -2*a**3 + 2*a**2 + a. Is n(o) composite?
False
Suppose -q = 2 - 3. Let t be (0 - 1) + q - 0. Suppose g - 1 = -3*j + 112, t = -4*j - 4*g + 156. Is j prime?
True
Is (-10)/(-5) - (-1477 + -2) composite?
False
Let c(r) = 5*r - 1. Let m be c(1). Suppose 4*d - 14 + 2 = -3*z, -m*d + 4 = z. Is (z + -2)/(6/357) a prime number?
False
Let h be (-8)/(-12)*-12*-1. Suppose -5*t + h*t - 1689 = 0. Is t a prime number?
True
Is (-2)/15 + 131482/390 composite?
False
Let i(g) = -11*g**2 + 13*g - 335. Let c(s) = 5*s**2 - 6*s + 167. Let t(v) = 13*c(v) + 6*i(v). Is t(0) a prime number?
False
Suppose -4*t + 8 = 0, 4*t + 1535 = -2*j + 5625. Is j a prime number?
False
Suppose 0 = -2*b + 5*b + 3*k - 27, -5*b - 4*k + 40 = 0. Let y = 6 - b. Suppose 0 = 2*x - 3*s - 82, -y*s + 89 = 3*x + 2*s. Is x a composite number?
True
Let c(n) = 9*n**2 + 7*n + 37. Is c(20) a prime number?
False
Let i(w) = 221*w - 15. Is i(2) prime?
False
Suppose 0 = -3*y + 6 + 6. Suppose 223 + 165 = y*s. Is s a composite number?
False
Let l be 1 - -1 - 1 - 1. Suppose -60 = -3*t - l*t. Let c = t + -7. Is c prime?
True
Let f = 2 - 2. Suppose -4*j - 6 = -0*p + p, f = -4*j - 4. Is 135/6 - p/4 prime?
True
Suppose 0 = -4*x - 3*y + 176 + 249, 0 = -2*x + y + 215. Suppose 5*t = x + 48. Is t prime?
True
Suppose 0 = p + 3*p - 172. Is p a prime number?
True
Suppose 0 = -2*f - 54 - 62. Let a = 222 + -141. Let v = f + a. Is v a composite number?
False
Let p = 17 + -2. Suppose 2*t - p - 7 = 0. Is t a prime number?
True
Suppose -7*j - 84 = -0*j. Let r(u) = 9 - 3*u - u - u. Is r(j) a prime number?
False
Let f(i) = -i**2 - 4*i + 5. Let c be f(-5). Let b be (c + 1)*(-1 + 1). Suppose b = 2*m - 7*m + 65. Is m prime?
True
Let z be 1 + 1 + -3 + 1. Suppose -3*o = 2*r - 44, -2*r + r - 2*o + 23 = 0. Suppose z*j - j = -r. Is j composite?
False
Let u = -86 + 171. Is u a prime number?
False
Is ((19/2)/1)/((-21)/(-1302)) a prime number?
False
Let i(n) = -55*n + 7. Is i(-6) a prime number?
True
Suppose 2*s + 2*z = -160, -2*s = -s - 3*z + 88. Let g = -3 - s. Is g composite?
False
Suppose 0 = 3*g - 2*g - t - 9, 4*t = 3*g - 23. Is g composite?
False
Suppose f = 4*f - 18. Let z(p) = -8*p**2 - 3*p**3 + f*p + 1 + 4*p**3 + 0*p**3. Is z(8) a composite number?
True
Let w(f) = 51*f**3 - 4*f**2 - 3*f + 5. Is w(3) a composite number?
True
Suppose -y = -5*s, -2*y + 4*y + 7 = 3*s. Is (s/(-3))/(3/5085) a prime number?
False
Let v(b) = b**2 + b + 46. Let u be v(0). Suppose o = 81 + u. Is o composite?
False
Let h = 4 - -2. Suppose k = 4*y - h - 0, -4*y + 12 = -4*k. Is y*34 - (2 - 3) prime?
False
Let q = 5 + -7. Let o(k) = -11*k**3 - k**2 + 2*k + 3. Is o(q) a composite number?
False
Let n(v) = -5*v**3 + 7*v**2 + 3*v - 11. Let m(y) = -y**3 - 1. Let x(j) = -4*m(j) + n(j). Let d be x(7). Is d*(2 + 7/2) a composite number?
True
Let b(k) = 1410*k - 1. Is b(1) composite?
False
Suppose -2*s = 2*s - 4. Suppose 0 = -n + 5*u - 40, -3*n = -2*u - 46 + 166. Is (n + s)*2/(-3) a composite number?
True
Let t = -1313 - -2946. Is t prime?
False
Let g be -5 + -1 - 0/(-2). Let s(q) = -74*q - 1. Let u be s(1). Is -1*-2*u/g a composite number?
True
Suppose -4*z = -0*z - 3*z. Let n be 1*2 - (-1 + -1). Suppose g - n*h - 21 = 0, -3*g + z*g + 4*h = -47. Is g a prime number?
True
Is (-2)/(-5) - (-178290)/150 a composite number?
True
Let l be (-2)/4 + (-21)/(-6). Suppose -3*d = 2*d - l*b + 12, -6 = d + 3*b. Let o(w) = 17*w**2 + 4. Is o(d) composite?
False
Let y(w) = 4*w**2 - 9*w + 7. Suppose -5*o + 5*b + 10 = -0*b, -4*o = b - 28. Is y(o) a composite number?
False
Suppose 3 + 9 = 2*y. Let p(q) = -q**2 + 7*q + 3. Let i be p(y). Let l = i + 17. Is l prime?
False
Let t(r) be the second derivative of -253*r**3/6 - r**2 + 7*r. Is t(-1) a composite number?
False
Suppose 0 = -s - g + 12, 3*s + 5*g = -s + 53. Let w = -6 + s. Is ((-325)/5)/(-1*w) composite?
True
Let i(x) = 7*x - 4. Let n(l) = 8*l - 3. Let d(b) = -4*i(b) + 3*n(b). Let w(m) = -8*m**2 - m - 1. Let q be w(-1). Is d(q) a prime number?
False
Suppose 0 = -2*j - 5*x + 891, -2213 = -5*j + 3*x - x. Is j prime?
True
Let d be (1/2)/((-2)/(-8)). Let x(t) = 1 + 12*t**d + 2 - 3*t + 5*t. Is x(4) a prime number?
False
Let l = 2694 - 1052. Is l prime?
False
Is ((-6)/12)/(2/(-268)) a prime number?
True
Let m = -223 - -52. Let d = 286 + m. Is d prime?
False
Suppose 0 = 4*g - 5*g + 27. Let o(i) = i**2 - 4*i - 7. Let j be o(6). Suppose -u = 5*b 